{"id":63,"date":"2015-06-24T08:52:10","date_gmt":"2015-06-24T08:52:10","guid":{"rendered":"http:\/\/vidangoz.com\/es\/?page_id=63"},"modified":"2017-04-05T11:32:52","modified_gmt":"2017-04-05T11:32:52","slug":"indumentaria","status":"publish","type":"page","link":"http:\/\/vidangoz.com\/es\/?page_id=63","title":{"rendered":"Indumentaria"},"content":{"rendered":"<div class=\"entry-content\" itemprop=\"text\">\n<p align=\"justify\"><span lang=\"ES-TRAD\"><a href=\"http:\/\/vidangoz.com\/es\/wp-content\/uploads\/2015\/06\/roncaleses.jpg\"><img loading=\"lazy\" decoding=\"async\" width=\"226\" height=\"300\" class=\"alignright size-medium wp-image-642\" src=\"http:\/\/vidangoz.com\/es\/wp-content\/uploads\/2015\/06\/roncaleses-226x300.jpg\" alt=\"\" srcset=\"http:\/\/vidangoz.com\/es\/wp-content\/uploads\/2015\/06\/roncaleses-226x300.jpg 226w, http:\/\/vidangoz.com\/es\/wp-content\/uploads\/2015\/06\/roncaleses.jpg 250w\" sizes=\"auto, (max-width: 226px) 100vw, 226px\" \/><\/a> El traje roncal\u00e9s, con el uskara,\u00a0 es uno de los s\u00edmbolos\u00a0 que m\u00e1s caracterizan a los residentes de este Valle. Es rico, elegante y se\u00f1orial como corresponde a la\u00a0 personalidad hist\u00f3rica\u00a0 y categor\u00eda nobiliaria de sus moradores.<\/span><\/p>\n<p align=\"justify\">Se compone, para los hombres, de traje de pa\u00f1o negro, con chaqueta, chaleco y calz\u00f3n corto ajustado a media rodilla con trencillas rematadas en borlas, medias negras y zapatos con hebilla de plata. Se ci\u00f1en con una faja morada. Una capa de ceremonia de pa\u00f1o negro, tambi\u00e9n con ribetes encarnados, y el sombrero negro completan su atuendo.<\/p>\n<p align=\"justify\">El traje de las mujeres es todav\u00eda de mayor riqueza que el de los hombres en sus adornos. Hab\u00eda dos clases de trajes, el de las solteras y el de las casadas. Las casadas llevaban falda negra y las solteras doble falda azul, recogida por el borde de la cintura mostrando el forro rojo del rev\u00e9s. De la cintura para arriba llevaban un corpi\u00f1o o justillo cerrado por delante con cordones y adornados los ribetes con gal\u00f3n de plata u oro. En el cuello, collares o gargantillas de cuentas multicolores de cristal y una alhaja llamada bitxi, especie de dije colgando de una cinta de terciopelo negro. <a href=\"http:\/\/vidangoz.com\/es\/wp-content\/uploads\/2015\/06\/roncaleses1.jpg\"><img loading=\"lazy\" decoding=\"async\" width=\"300\" height=\"218\" class=\"size-medium wp-image-643 alignleft\" src=\"http:\/\/vidangoz.com\/es\/wp-content\/uploads\/2015\/06\/roncaleses1-300x218.jpg\" alt=\"\" \/><\/a>Para la misa ten\u00edan sus amplias mantillas, de pa\u00f1o negro para las casadas y rojo o azul para las solteras, de corte semicircular, bordadas en negro o en colores y adornadas en sus bordes por ancha cinta de gal\u00f3n o de seda.<\/p>\n<p align=\"justify\">Las Ordenanzas del Valle han regulado y protegido la confecci\u00f3n y uso de estas prendas. A finales de los 50 y principios de los 60 todav\u00eda pod\u00edan verse por las calles de Bidangoz\u00a0 algunos abuelos ataviados con calz\u00f3n corto. Hoy d\u00eda el uso del traje roncal\u00e9s ha quedado relegado a algunos actos folkl\u00f3ricos que se celebran en el Valle.<\/p>\n<p align=\"justify\">Desde el a\u00f1o 2010, adem\u00e1s, a finales de julio o principios de agosto se celebra el D\u00eda de la Indumentaria Roncalesa en Isaba, donde se presentan las diversas variantes que nuestra vestimenta presentaba en funci\u00f3n de sexo, estado civil, lugar de origen, etc&#8230;<\/p>\n<p align=\"justify\">El Gobierno de Navarra tiene adoptada esta indumentaria como traje oficial de Navarra.<\/p>\n\n\n<\/div>\n","protected":false},"excerpt":{"rendered":"<div class=\"entry-summary\" itemprop=\"text\">\n<p>El traje roncal\u00e9s, con el uskara,\u00a0 es uno de los s\u00edmbolos\u00a0 que m\u00e1s caracterizan a los residentes de este Valle. Es rico, elegante y se\u00f1orial como corresponde a la\u00a0 personalidad hist\u00f3rica\u00a0 y categor\u00eda nobiliaria de sus moradores. Se compone, para los hombres, de traje de pa\u00f1o negro, con chaqueta, chaleco y calz\u00f3n corto ajustado a &#8230;<\/p>\n\n<\/div>\n","protected":false},"author":1,"featured_media":0,"parent":0,"menu_order":0,"comment_status":"open","ping_status":"open","template":"template.fullwidth.php","meta":{"ngg_post_thumbnail":0,"footnotes":""},"class_list":["post-63","page","type-page","status-publish","hentry","entry-lead"],"_links":{"self":[{"href":"http:\/\/vidangoz.com\/es\/index.php?rest_route=\/wp\/v2\/pages\/63","targetHints":{"allow":["GET"]}}],"collection":[{"href":"http:\/\/vidangoz.com\/es\/index.php?rest_route=\/wp\/v2\/pages"}],"about":[{"href":"http:\/\/vidangoz.com\/es\/index.php?rest_route=\/wp\/v2\/types\/page"}],"author":[{"embeddable":true,"href":"http:\/\/vidangoz.com\/es\/index.php?rest_route=\/wp\/v2\/users\/1"}],"replies":[{"embeddable":true,"href":"http:\/\/vidangoz.com\/es\/index.php?rest_route=%2Fwp%2Fv2%2Fcomments&post=63"}],"version-history":[{"count":6,"href":"http:\/\/vidangoz.com\/es\/index.php?rest_route=\/wp\/v2\/pages\/63\/revisions"}],"predecessor-version":[{"id":776,"href":"http:\/\/vidangoz.com\/es\/index.php?rest_route=\/wp\/v2\/pages\/63\/revisions\/776"}],"wp:attachment":[{"href":"http:\/\/vidangoz.com\/es\/index.php?rest_route=%2Fwp%2Fv2%2Fmedia&parent=63"}],"curies":[{"name":"wp","href":"https:\/\/api.w.org\/{rel}","templated":true}]}}

<div class="entry-content" itemprop="text">
<p align="justify"><span lang="ES-TRAD"><a href="http://vidangoz.com/es/wp-content/uploads/2015/06/roncaleses.jpg"><img loading="lazy" decoding="async" width="226" height="300" class="alignright size-medium wp-image-642" src="http://vidangoz.com/es/wp-content/uploads/2015/06/roncaleses-226x300.jpg" alt="" srcset="http://vidangoz.com/es/wp-content/uploads/2015/06/roncaleses-226x300.jpg 226w, http://vidangoz.com/es/wp-content/uploads/2015/06/roncaleses.jpg 250w" sizes="auto, (max-width: 226px) 100vw, 226px" /></a> El traje roncalés, con el uskara,  es uno de los símbolos  que más caracterizan a los residentes de este Valle. Es rico, elegante y señorial como corresponde a la  personalidad histórica  y categoría nobiliaria de sus moradores.</span></p>
<p align="justify">Se compone, para los hombres, de traje de paño negro, con chaqueta, chaleco y calzón corto ajustado a media rodilla con trencillas rematadas en borlas, medias negras y zapatos con hebilla de plata. Se ciñen con una faja morada. Una capa de ceremonia de paño negro, también con ribetes encarnados, y el sombrero negro completan su atuendo.</p>
<p align="justify">El traje de las mujeres es todavía de mayor riqueza que el de los hombres en sus adornos. Había dos clases de trajes, el de las solteras y el de las casadas. Las casadas llevaban falda negra y las solteras doble falda azul, recogida por el borde de la cintura mostrando el forro rojo del revés. De la cintura para arriba llevaban un corpiño o justillo cerrado por delante con cordones y adornados los ribetes con galón de plata u oro. En el cuello, collares o gargantillas de cuentas multicolores de cristal y una alhaja llamada bitxi, especie de dije colgando de una cinta de terciopelo negro. <a href="http://vidangoz.com/es/wp-content/uploads/2015/06/roncaleses1.jpg"><img loading="lazy" decoding="async" width="300" height="218" class="size-medium wp-image-643 alignleft" src="http://vidangoz.com/es/wp-content/uploads/2015/06/roncaleses1-300x218.jpg" alt="" /></a>Para la misa tenían sus amplias mantillas, de paño negro para las casadas y rojo o azul para las solteras, de corte semicircular, bordadas en negro o en colores y adornadas en sus bordes por ancha cinta de galón o de seda.</p>
<p align="justify">Las Ordenanzas del Valle han regulado y protegido la confección y uso de estas prendas. A finales de los 50 y principios de los 60 todavía podían verse por las calles de Bidangoz  algunos abuelos ataviados con calzón corto. Hoy día el uso del traje roncalés ha quedado relegado a algunos actos folklóricos que se celebran en el Valle.</p>
<p align="justify">Desde el año 2010, además, a finales de julio o principios de agosto se celebra el Día de la Indumentaria Roncalesa en Isaba, donde se presentan las diversas variantes que nuestra vestimenta presentaba en función de sexo, estado civil, lugar de origen, etc&#8230;</p>
<p align="justify">El Gobierno de Navarra tiene adoptada esta indumentaria como traje oficial de Navarra.</p>


</div>

<div class="entry-summary" itemprop="text">
<p>El traje roncalés, con el uskara,  es uno de los símbolos  que más caracterizan a los residentes de este Valle. Es rico, elegante y señorial como corresponde a la  personalidad histórica  y categoría nobiliaria de sus moradores. Se compone, para los hombres, de traje de paño negro, con chaqueta, chaleco y calzón corto ajustado a &#8230;</p>

</div>
